 factor of 175 and 100.
25
What is the greatest common divisor of 740 and 40?
20
Calculate the greatest common factor of 7600 and 19.
19
What is the highest common factor of 7410 and 50?
10
Calculate the highest common factor of 18 and 42.
6
Calculate the greatest common divisor of 148 and 333.
37
Calculate the greatest common factor of 1617 and 833.
49
What is the greatest common factor of 231 and 66?
33
What is the highest common divisor of 158 and 553?
79
What is the greatest common factor of 220 and 140?
20
Calculate the greatest common divisor of 12 and 256.
4
Calculate the greatest common divisor of 516 and 252.
12
What is the greatest common divisor of 744 and 651?
93
Calculate the greatest common divisor of 3302 and 26.
26
What is the highest common divisor of 777 and 1887?
111
What is the greatest common divisor of 836 and 55?
11
Calculate the greatest common divisor of 130 and 20.
10
What is the highest common divisor of 485 and 5?
5
What is the highest common factor of 9 and 2?
1
Calculate the greatest common divisor of 1752 and 24.
24
Calculate the greatest common divisor of 513 and 540.
27
Calculate the greatest common factor of 713 and 161.
23
Calculate the highest common factor of 8 and 1112.
8
What is the greatest common factor of 119 and 1360?
17
Calculate the highest common divisor of 30 and 790.
10
Calculate the highest common divisor of 2022 and 6.
6
Calculate the highest common factor of 14 and 5194.
14
What is the highest common factor of 14 and 224?
14
Calculate the greatest common factor of 1914 and 1056.
66
What is the greatest common divisor of 320 and 8?
8
What is the highest common divisor of 671 and 61?
61
What is the highest common factor of 513 and 38?
19
What is the greatest common divisor of 116 and 3886?
58
What is the highest common factor of 781 and 142?
71
What is the greatest common factor of 60 and 1460?
20
Calculate the highest common divisor of 210 and 670.
10
What is the highest common factor of 297 and 33?
33
What is the highest common divisor of 90 and 225?
45
Calculate the highest common divisor of 16672 and 48.
16
What is the highest common factor of 3685 and 7705?
335
Calculate the highest common factor of 12 and 1356.
12
What is the greatest common divisor of 10230 and 132?
66
What is the highest common divisor of 34 and 697?
17
What is the greatest common divisor of 329 and 141?
47
Calculate the greatest common factor of 96 and 128.
32
Calculate the highest common factor of 22 and 88.
22
What is the greatest common factor of 153 and 153?
153
What is the greatest common factor of 494 and 156?
26
What is the highest common divisor of 35 and 133?
7
Calculate the highest common factor of 184 and 12926.
46
Calculate the greatest common divisor of 817 and 215.
43
What is the greatest common factor of 555 and 74?
37
Calculate the greatest common divisor of 2000 and 240.
80
Calculate the highest common factor of 138 and 6.
6
What is the greatest common factor of 2262 and 12?
6
Calculate the highest common factor of 212 and 6943.
53
What is the greatest common factor of 4029 and 357?
51
What is the highest common factor of 21 and 6447?
21
Calculate the highest common divisor of 85 and 510.
85
What is the greatest common factor of 22 and 82?
2
What is the greatest common factor of 8915 and 20?
5
Calculate the greatest common factor of 28 and 72506.
14
Calculate the highest common divisor of 456 and 108.
12
What is the greatest common divisor of 17730 and 90?
90
What is the highest common divisor of 333 and 74?
37
Calculate the greatest common factor of 1309 and 51.
17
What is the highest common divisor of 168 and 888?
24
Calculate the highest common divisor of 4693 and 195.
13
What is the highest common factor of 127 and 381?
127
Calculate the greatest common factor of 30 and 1150.
10
What is the highest common divisor of 18 and 3222?
18
Calculate the highest common divisor of 3503 and 155.
31
Calculate the highest common factor of 408 and 51.
51
Calculate the greatest common factor of 294 and 42.
42
What is the highest common divisor of 20 and 2260?
20
Calculate the highest common divisor of 29 and 464.
29
Calculate the greatest common divisor of 654 and 11554.
218
What is the greatest common divisor of 18 and 234?
18
Calculate the greatest common divisor of 9018 and 18.
18
What is the greatest common factor of 14 and 4298?
14
What is the greatest common factor of 10 and 90?
10
What is the greatest common divisor of 161 and 133?
7
What is the highest common divisor of 169 and 11999?
169
What is the greatest common divisor of 553 and 7?
7
Calculate the greatest common factor of 1207 and 17.
17
Calculate the greatest common divisor of 930 and 120.
30
What is the greatest common factor of 168 and 104?
8
Calculate the highest common factor of 154 and 3014.
22
What is the greatest common factor of 80 and 2410?
10
What is the greatest common factor of 2 and 58?
2
What is the greatest common factor of 400 and 350?
50
What is the greatest common factor of 2040 and 85?
85
Calculate the highest common factor of 58 and 6.
2
Calculate the highest common divisor of 297 and 3102.
33
What is the highest common divisor of 350 and 1025?
25
Calculate the greatest common factor of 696 and 72.
24
Calculate the greatest common divisor of 70 and 50.
10
Calculate the greatest common factor of 26 and 26.
26
Calculate the greatest common factor of 64 and 4.
4
What is the highest common factor of 407 and 88?
11
Calculate the highest common factor of 117 and 78.
39
Calculate the highest common factor of 161 and 56.
7
What is the greatest common factor of 2151 and 9?
9
Calculate the highest common divisor of 155 and 5.
5
Calculate the greatest common factor of 783 and 232.
29
What is the greatest common factor of 4140 and 18?
18
Calculate the highest common factor of 10 and 10.
10
What is the highest common divisor of 16510 and 52?
26
Calculate the greatest common factor of 91 and 949.
13
Calculate the highest common divisor of 1169 and 501.
167
Calculate the greatest common factor of 2072 and 56.
56
Calculate the greatest common divisor of 75 and 11875.
25
What is the highest common divisor of 1884 and 12?
12
What is the highest common divisor of 46 and 5957?
23
Calculate the greatest common factor of 10612 and 28.
28
What is the greatest common divisor of 81 and 3186?
27
What is the highest common divisor of 189 and 126?
63
Calculate the highest common factor of 2125 and 85.
85
What is the highest common factor of 108 and 66?
6
Calculate the highest common factor of 1212 and 672.
12
Calculate the greatest common factor of 126 and 594.
18
Calculate the highest common factor of 182 and 130.
26
What is the highest common factor of 12 and 2388?
12
Calculate the greatest common factor of 5316 and 12.
12
Calculate the highest common divisor of 60 and 6420.
60
What is the greatest common factor of 575 and 875?
25
What is the highest common divisor of 105 and 42?
21
What is the highest common divisor of 76 and 266?
38
What is the greatest common factor of 215 and 344?
43
Calculate the greatest common factor of 4314 and 48.
6
Calculate the greatest common divisor of 210 and 300.
30
What is the highest common factor of 220 and 80?
20
What is the greatest common factor of 244 and 793?
61
What is the greatest common factor of 2204 and 1856?
116
Calculate the greatest common divisor of 1351 and 217.
7
What is the highest common divisor of 5124 and 84?
84
Calculate the greatest common factor of 30 and 33510.
30
What is the greatest common factor of 25159 and 139?
139
Calculate the highest common divisor of 222 and 6.
6
What is the highest common factor of 58 and 203?
29
Calculate the greatest common divisor of 55 and 3058.
11
Calculate the highest common factor of 10 and 235.
5
What is the greatest common factor of 377 and 29?
29
What is the highest common divisor of 475 and 75?
25
What is the greatest common factor of 55 and 335?
5
Calculate the highest common factor of 320 and 256.
64
What is the greatest common divisor of 57 and 2413?
19
Calculate the highest common factor of 154 and 238.
14
What is the greatest common divisor of 130 and 14170?
130
Calculate the greatest common factor of 195 and 2405.
65
What is the highest common divi